 {"id":510,"date":"2015-03-19T14:36:09","date_gmt":"2015-03-19T13:36:09","guid":{"rendered":"http:\/\/fordonskasm.pl\/?page_id=510"},"modified":"2024-01-24T14:45:50","modified_gmt":"2024-01-24T13:45:50","slug":"historia","status":"publish","type":"page","link":"https:\/\/fordonskasm.home.pl\/autoinstalator\/wordpress\/?page_id=510","title":{"rendered":"ORGANY FSM"},"content":{"rendered":"<h2 style=\"text-align: center;\"><span style=\"color: #ff6600;\">Organy FSM<\/span><\/h2>\n<p class=\"d_title\" style=\"text-align: center;\"><strong><span style=\"color: #ff6600;\">WALNE ZGROMADZENIE<\/span><\/strong><\/p>\n<p class=\"d_title\" style=\"text-align: center;\"><strong><span style=\"color: #ff6600;\">RADA NADZORCZA FSM (2023-2026)<\/span><\/strong><\/p>\n<p class=\"info\" style=\"text-align: center;\"><span style=\"color: #ff6600;\">Rada Nadzorcza FSM przyjmuje interesant\u00f3w w ka\u017cdy ostatni wtorek m-ca w godz. 15.00-17.00 w siedzibie Zarz\u0105du S-ni przy ul. Kleeberga 2 pok.102 (I pi\u0119tro).<\/span><\/p>\n<fieldset id=\"field_typ6\">\n<legend>Sk\u0142ad Rady Nadzorczej FSM z podzia\u0142em na Komisje<\/legend>\n<p class=\"info\" style=\"text-align: left; margin-left: 10px; font-weight: bold;\"><span style=\"color: #262626;\">Prezydium<\/span><\/p>\n<table style=\"width: 553px; height: 144px;\">\n<tbody>\n<tr style=\"height: 24px;\">\n<td class=\"first\" style=\"height: 24px; width: 10px;\">&nbsp;<\/td>\n<td class=\"second2\" style=\"height: 24px; width: 306px;\">Przewodnicz\u0105cy<\/td>\n<td style=\"height: 24px; width: 207px;\">Jaros\u0142aw Szyma\u0144ski<\/td>\n<\/tr>\n<tr style=\"height: 24px;\">\n<td class=\"first\" style=\"height: 24px; width: 10px;\">&nbsp;<\/td>\n<td class=\"second2\" style=\"height: 24px; width: 306px;\">Z-ca Przewodnicz\u0105cego<\/td>\n<td style=\"height: 24px; width: 207px;\">Miros\u0142aw \u015awidurski<\/td>\n<\/tr>\n<tr style=\"height: 24px;\">\n<td class=\"first\" style=\"height: 24px; width: 10px;\">&nbsp;<\/td>\n<td class=\"second2\" style=\"height: 24px; width: 306px;\">Sekretarz<\/td>\n<td style=\"height: 24px; width: 207px;\">Teresa Wudarczyk<\/td>\n<\/tr>\n<tr style=\"height: 24px;\">\n<td class=\"first\" style=\"height: 24px; width: 10px;\">&nbsp;<\/td>\n<td class=\"second2\" style=\"height: 24px; width: 306px;\">Przewodn. Kom. Rewizyjnej<\/td>\n<td style=\"height: 24px; width: 207px;\">Andrzej Zawalski<\/td>\n<\/tr>\n<tr style=\"height: 24px;\">\n<td class=\"first\" style=\"height: 24px; width: 10px;\">&nbsp;<\/td>\n<td class=\"second2\" style=\"height: 24px; width: 306px;\">Przewodn. Kom. GZMiI<\/td>\n<td style=\"height: 24px; width: 207px;\">Bogus\u0142aw P\u0142otkowski<\/td>\n<\/tr>\n<tr style=\"height: 24px;\">\n<td class=\"first\" style=\"height: 24px; width: 10px;\">&nbsp;<\/td>\n<td class=\"second2\" style=\"height: 24px; width: 306px;\">Przewodn. Kom. Mieszkaniowo-Samorz\u0105dowej<\/td>\n<td style=\"height: 24px; width: 207px;\">Krzysztof Sikora<\/td>\n<\/tr>\n<\/tbody>\n<\/table>\n<p class=\"info\" style=\"text-align: left; margin-left: 10px; font-weight: bold;\"><span style=\"color: #262626;\">Komisja Rewizyjna<\/span><\/p>\n<table style=\"width: 551.92px; height: 96px;\">\n<tbody>\n<tr style=\"height: 24px;\">\n<td class=\"first\" style=\"height: 24px; width: 13px;\">&nbsp;<\/td>\n<td class=\"second2\" style=\"height: 24px; width: 268px;\">Przewodnicz\u0105cy<\/td>\n<td style=\"height: 24px; width: 240px;\">Andrzej Zawalski<\/td>\n<\/tr>\n<tr style=\"height: 24.3835px;\">\n<td class=\"first\" style=\"height: 24px; width: 13px;\">&nbsp;<\/td>\n<td class=\"second2\" style=\"height: 24px; width: 268px;\">Z-ca Przewodnicz\u0105cego<\/td>\n<td style=\"height: 24px; width: 240px;\">Wies\u0142aw Go\u0142ata<\/td>\n<\/tr>\n<tr style=\"height: 24px;\">\n<td class=\"first\" style=\"height: 24px; width: 13px;\">&nbsp;<\/td>\n<td class=\"second2\" style=\"height: 24px; width: 268px;\">Sekretarz<\/td>\n<td style=\"height: 24px; width: 240px;\">Krzysztof M\u00f3jta<\/td>\n<\/tr>\n<tr style=\"height: 24px;\">\n<td class=\"first\" style=\"height: 24px; width: 13px;\">&nbsp;<\/td>\n<td class=\"second2\" style=\"height: 24px; width: 268px;\">Cz\u0142onek<\/td>\n<td style=\"height: 24px; width: 240px;\">Miros\u0142aw \u015awidurski<\/td>\n<\/tr>\n<\/tbody>\n<\/table>\n<p class=\"info\" style=\"text-align: left; margin-left: 10px; font-weight: bold;\"><span style=\"color: #262626;\">Komisja Gospodarki Zasobami Mieszkaniowymi i Inwestycji<\/span><\/p>\n<table style=\"width: 551px; height: 96px;\">\n<tbody>\n<tr style=\"height: 24px;\">\n<td class=\"first\" style=\"width: 13px; height: 24px;\">&nbsp;<\/td>\n<td class=\"second2\" style=\"height: 24px; width: 271px;\">Przewodnicz\u0105cy<\/td>\n<td style=\"height: 24px; width: 237px;\">Bogus\u0142aw P\u0142otkowski<\/td>\n<\/tr>\n<tr style=\"height: 24px;\">\n<td class=\"first\" style=\"height: 24px; width: 13px;\">&nbsp;<\/td>\n<td class=\"second2\" style=\"height: 24px; width: 271px;\">Z-ca Przewodnicz\u0105cego<\/td>\n<td style=\"height: 24px; width: 237px;\">Lidia Ochniak<\/td>\n<\/tr>\n<tr style=\"height: 24px;\">\n<td class=\"first\" style=\"height: 24px; width: 13px;\">&nbsp;<\/td>\n<td class=\"second2\" style=\"height: 24px; width: 271px;\">Sekretarz<\/td>\n<td style=\"height: 24px; width: 237px;\">Danuta Weichert<\/td>\n<\/tr>\n<tr style=\"height: 24px;\">\n<td class=\"first\" style=\"height: 24px; width: 13px;\">&nbsp;<\/td>\n<td class=\"second2\" style=\"height: 24px; width: 271px;\">Cz\u0142onek<\/td>\n<td style=\"height: 24px; width: 237px;\">Beata Siemi\u0105tkowska<\/td>\n<\/tr>\n<\/tbody>\n<\/table>\n<p class=\"info\" style=\"text-align: left; margin-left: 10px; font-weight: bold;\"><span style=\"color: #262626;\">Komisja Mieszkaniowo-Samorz\u0105dowa<\/span><\/p>\n<table style=\"width: 552px; height: 96px;\">\n<tbody>\n<tr style=\"height: 24px;\">\n<td class=\"first\" style=\"width: 12px; height: 24px;\">&nbsp;<\/td>\n<td class=\"second2\" style=\"height: 24px; width: 261px;\">Przewodnicz\u0105cy<\/td>\n<td style=\"height: 24px; width: 249px;\">Krzysztof Sikora<\/td>\n<\/tr>\n<tr style=\"height: 24px;\">\n<td class=\"first\" style=\"height: 24px; width: 12px;\">&nbsp;<\/td>\n<td class=\"second2\" style=\"height: 24px; width: 261px;\">Z-ca Przewodnicz\u0105cego<\/td>\n<td style=\"height: 24px; width: 249px;\">Adam Badura<\/td>\n<\/tr>\n<tr style=\"height: 24px;\">\n<td class=\"first\" style=\"height: 24px; width: 12px;\">&nbsp;<\/td>\n<td class=\"second2\" style=\"height: 24px; width: 261px;\">Sekretarz<\/td>\n<td style=\"height: 24px; width: 249px;\">Barbara Dropiewska<\/td>\n<\/tr>\n<tr style=\"height: 24px;\">\n<td class=\"first\" style=\"height: 24px; width: 12px;\">&nbsp;<\/td>\n<td class=\"second2\" style=\"height: 24px; width: 261px;\">Cz\u0142onek<\/td>\n<td style=\"height: 24px; width: 249px;\">Danuta Galasi\u0144ska<\/td>\n<\/tr>\n<tr>\n<td style=\"width: 12px;\">&nbsp;<\/td>\n<td style=\"width: 261px;\">Cz\u0142onek<\/td>\n<td style=\"width: 249px;\">Waldemar Urtnowski<\/td>\n<\/tr>\n<\/tbody>\n<\/table>\n<\/fieldset>\n<p class=\"info\" style=\"text-align: center;\"><strong><span style=\"color: #ff6600;\">ZARZ\u0104D FSM<\/span><\/strong><\/p>\n<p class=\"info\" style=\"text-align: center;\"><span style=\"color: #ff6600;\">Zarz\u0105d FSM przyjmuje interesant\u00f3w po wcze\u015bniejszym uzgodnieniu telefonicznym<\/span><\/p>\n<fieldset id=\"field_typ6\">\n<legend>Zarz\u0105d<\/legend>\n<table>\n<tbody>\n<tr style=\"height: 48px;\">\n<td class=\"first\" style=\"height: 48px;\">&nbsp;<\/td>\n<td class=\"second2\" style=\"height: 48px;\">Prezes Zarz\u0105du\/ Dyrektor Naczelny:<\/td>\n<td style=\"height: 48px;\">mgr in\u017c. Zbigniew Sok\u00f3\u0142<\/td>\n<\/tr>\n<tr style=\"height: 48px;\">\n<td class=\"first\" style=\"height: 48px;\">&nbsp;<\/td>\n<td class=\"second2\" style=\"height: 48px;\">Z-ca Prezesa\/Z-ca Dyrektora ds. Technicznych i Inwestycji:<\/td>\n<td style=\"height: 48px;\">mgr in\u017c. Ewa Hardyk<\/td>\n<\/tr>\n<tr style=\"height: 24px;\">\n<td class=\"first\" style=\"height: 24px;\">&nbsp;<\/td>\n<td class=\"second2\" style=\"height: 24px;\">Z-ca Prezesa\/Z-ca Dyrektora ds. Gospodarki Zasobami Mieszkaniowymi:<\/td>\n<td style=\"height: 24px;\">Agnieszka Samul<\/td>\n<\/tr>\n<\/tbody>\n<\/table>\n<\/fieldset>\n<p class=\"d_title\" style=\"text-align: center;\"><strong><span style=\"color: #ff6600;\">RADY OSIEDLI FSM<\/span><\/strong><\/p>\n<fieldset id=\"field_typ6\">\n<legend>Rada Osiedla &#8222;Nad Wis\u0142\u0105&#8221;<\/legend>\n<table>\n<tbody>\n<tr style=\"height: 24px;\">\n<td class=\"first\" style=\"height: 24px;\">&nbsp;<\/td>\n<td class=\"second2\" style=\"height: 24px;\">Przewodnicz\u0105cy<\/td>\n<td style=\"height: 24px;\">Grabowska Iwona<\/td>\n<\/tr>\n<tr style=\"height: 24px;\">\n<td class=\"first\" style=\"height: 24px;\">&nbsp;<\/td>\n<td class=\"second2\" style=\"height: 24px;\">Z-ca przewodnicz\u0105cego<\/td>\n<td style=\"height: 24px;\">Zadru\u017cy\u0144ski Zbigniew<\/td>\n<\/tr>\n<tr style=\"height: 24px;\">\n<td class=\"first\" style=\"height: 24px;\">&nbsp;<\/td>\n<td class=\"second2\" style=\"height: 24px;\">Sekretarz<\/td>\n<td style=\"height: 24px;\">Matiaszek Jolanta<\/td>\n<\/tr>\n<tr style=\"height: 24px;\">\n<td class=\"first\" style=\"height: 24px;\">&nbsp;<\/td>\n<td class=\"second2\" style=\"height: 24px;\">Cz\u0142onek<\/td>\n<td style=\"height: 24px;\">Grelewicz Jan<\/td>\n<\/tr>\n<tr style=\"height: 24px;\">\n<td class=\"first\" style=\"height: 24px;\">&nbsp;<\/td>\n<td class=\"second2\" style=\"height: 24px;\">Cz\u0142onek<\/td>\n<td style=\"height: 24px;\">Lipi\u0144ska Cecylia<\/td>\n<\/tr>\n<tr style=\"height: 24px;\">\n<td class=\"first\" style=\"height: 24px;\">&nbsp;<\/td>\n<td class=\"second2\" style=\"height: 24px;\">Cz\u0142onek<\/td>\n<td style=\"height: 24px;\">Marciniak Lidia<\/td>\n<\/tr>\n<tr style=\"height: 24px;\">\n<td class=\"first\" style=\"height: 24px;\">&nbsp;<\/td>\n<td class=\"second2\" style=\"height: 24px;\">Cz\u0142onek<\/td>\n<td style=\"height: 24px;\">Wi\u015bniewski Zenon<\/td>\n<\/tr>\n<\/tbody>\n<\/table>\n<p class=\"post\">Dy\u017cur rady: &#8211; zrezygnowano z dy\u017cur\u00f3w<br \/>\ne-mail: <a href=\"mailto:nwtn@fordonskasm.pl\">nwtn@fordonskasm.pl<\/a><\/p>\n<\/fieldset>\n<fieldset id=\"field_typ6\">\n<legend>Rada Osiedla &#8222;Bohater\u00f3w&#8221;<\/legend>\n<table style=\"height: 286px;\" width=\"554\">\n<tbody>\n<tr>\n<td class=\"first\">&nbsp;<\/td>\n<td class=\"second2\">Przewodnicz\u0105cy<\/td>\n<td>Weichert Wojciech<\/td>\n<\/tr>\n<tr>\n<td class=\"first\">&nbsp;<\/td>\n<td class=\"second2\">Z-ca przewodnicz\u0105cego<\/td>\n<td>Ry\u015b Miros\u0142aw<\/td>\n<\/tr>\n<tr>\n<td class=\"first\">&nbsp;<\/td>\n<td class=\"second2\">Sekretarz<\/td>\n<td>Zi\u00f3\u0142kowska Sylwia<\/td>\n<\/tr>\n<tr>\n<td class=\"first\">&nbsp;<\/td>\n<td class=\"second2\">Cz\u0142onek<\/td>\n<td>Baranowska Krystyna<\/td>\n<\/tr>\n<tr>\n<td class=\"first\">&nbsp;<\/td>\n<td class=\"second2\">Cz\u0142onek<\/td>\n<td>Sieracka Ewa<\/td>\n<\/tr>\n<tr>\n<td class=\"first\">&nbsp;<\/td>\n<td class=\"second2\">Cz\u0142onek<\/td>\n<td>Stoszewski Grzegorz<\/td>\n<\/tr>\n<tr>\n<td class=\"first\">&nbsp;<\/td>\n<td class=\"second2\">Cz\u0142onek<\/td>\n<td>Szyma\u0144ski Jaros\u0142aw<\/td>\n<\/tr>\n<\/tbody>\n<\/table>\n<p class=\"post\">Dy\u017cur rady: ostatni wtorek m-ca w godz. 16.00-17.00 w AO &#8222;Bohater\u00f3w&#8221; i \u201ePrzylesie\u201d przy ul. Fiedlera 9<br \/>\ne-mail: <a href=\"mailto:bp@fordonskasm.pl\">bp@fordonskasm.pl<\/a><\/p>\n<\/fieldset>\n<fieldset id=\"field_typ6\">\n<legend>Rada Osiedla &#8222;Bajka&#8221;<\/legend>\n<table>\n<tbody>\n<tr>\n<td class=\"first\">&nbsp;<\/td>\n<td class=\"second2\">Przewodnicz\u0105cy<\/td>\n<td>Kurzyk Ewa<\/td>\n<\/tr>\n<tr>\n<td class=\"first\">&nbsp;<\/td>\n<td class=\"second2\">Z-ca przewodnicz\u0105cego<\/td>\n<td>Buritta Ewa<\/td>\n<\/tr>\n<tr>\n<td class=\"first\">&nbsp;<\/td>\n<td class=\"second2\">Sekretarz<\/td>\n<td>Wudarczyk Teresa<\/td>\n<\/tr>\n<tr>\n<td class=\"first\">&nbsp;<\/td>\n<td class=\"second2\">Cz\u0142onek<\/td>\n<td>Kunda Urszula<\/td>\n<\/tr>\n<tr>\n<td class=\"first\">&nbsp;<\/td>\n<td class=\"second2\">Cz\u0142onek<\/td>\n<td>Miszewski Miros\u0142aw<\/td>\n<\/tr>\n<tr>\n<td class=\"first\">&nbsp;<\/td>\n<td class=\"second2\">Cz\u0142onek<\/td>\n<td>Schreiber Halina<\/td>\n<\/tr>\n<tr>\n<td class=\"first\">&nbsp;<\/td>\n<td class=\"second2\">Cz\u0142onek<\/td>\n<td>Szczepaniak Barbara<\/td>\n<\/tr>\n<\/tbody>\n<\/table>\n<p class=\"post\">Dy\u017cur rady: pierwszy wtorek m-ca w godz. 16.30-17.00 w AO &#8222;Bajka&#8221; i \u201eSzybownik\u00f3w\u201d przy ul. Rataja 2<br \/>\ne-mail: <a href=\"mailto:bsz@fordonskasm.pl\">bsz@fordonskasm.pl<\/a><\/p>\n<\/fieldset>\n<fieldset id=\"field_typ6\">\n<legend>Rada Osiedla &#8222;Szybownik\u00f3w&#8221;<\/legend>\n<table>\n<tbody>\n<tr>\n<td class=\"first\">&nbsp;<\/td>\n<td class=\"second2\">Przewodnicz\u0105cy<\/td>\n<td>K\u0142os Zdzis\u0142aw<\/td>\n<\/tr>\n<tr>\n<td class=\"first\">&nbsp;<\/td>\n<td class=\"second2\">Z-ca przewodnicz\u0105cego<\/td>\n<td>Badura Adam<\/td>\n<\/tr>\n<tr>\n<td class=\"first\">&nbsp;<\/td>\n<td class=\"second2\">Sekretarz<\/td>\n<td>Mikicka Izabela<\/td>\n<\/tr>\n<tr>\n<td class=\"first\">&nbsp;<\/td>\n<td class=\"second2\">Cz\u0142onek<\/td>\n<td>Marcinkowska Ma\u0142gorzata<\/td>\n<\/tr>\n<tr>\n<td class=\"first\">&nbsp;<\/td>\n<td class=\"second2\">Cz\u0142onek<\/td>\n<td>P\u0142otkowski Bogus\u0142aw<\/td>\n<\/tr>\n<tr>\n<td class=\"first\">&nbsp;<\/td>\n<td class=\"second2\">Cz\u0142onek<\/td>\n<td>Pozna\u0144ska Maria<\/td>\n<\/tr>\n<tr>\n<td class=\"first\">&nbsp;<\/td>\n<td class=\"second2\">Cz\u0142onek<\/td>\n<td>Zdybicka Ewa<\/td>\n<\/tr>\n<\/tbody>\n<\/table>\n<p class=\"post\">Dy\u017cur rady: pierwszy wtorek m-ca w godz. 16.30-17.00 w AO &#8222;Bajka&#8221; i \u201eSzybownik\u00f3w\u201d przy ul. Rataja 2<br \/>\ne-mail: <a href=\"mailto:bsz@fordonskasm.pl\">bsz@fordonskasm.pl<\/a><\/p>\n<\/fieldset>\n<fieldset id=\"field_typ6\">\n<legend>Rada Osiedla &#8222;Przylesie&#8221;<\/legend>\n<table>\n<tbody>\n<tr style=\"height: 24px;\">\n<td class=\"first\" style=\"height: 24px;\">&nbsp;<\/td>\n<td class=\"second2\" style=\"height: 24px;\">Przewodnicz\u0105cy<\/td>\n<td style=\"height: 24px;\">Borkowski Grzegorz<\/td>\n<\/tr>\n<tr style=\"height: 24px;\">\n<td class=\"first\" style=\"height: 24px;\">&nbsp;<\/td>\n<td class=\"second2\" style=\"height: 24px;\">Z-ca przewodnicz\u0105cego<\/td>\n<td style=\"height: 24px;\">G\u0142owacki Ryszard<\/td>\n<\/tr>\n<tr style=\"height: 24px;\">\n<td class=\"first\" style=\"height: 24px;\">&nbsp;<\/td>\n<td class=\"second2\" style=\"height: 24px;\">Sekretarz<\/td>\n<td style=\"height: 24px;\">Ochniak Lidia<\/td>\n<\/tr>\n<tr style=\"height: 24px;\">\n<td class=\"first\" style=\"height: 24px;\">&nbsp;<\/td>\n<td class=\"second2\" style=\"height: 24px;\">Cz\u0142onek<\/td>\n<td style=\"height: 24px;\">Drapiewski Zygfryd<\/td>\n<\/tr>\n<tr style=\"height: 24px;\">\n<td class=\"first\" style=\"height: 24px;\">&nbsp;<\/td>\n<td class=\"second2\" style=\"height: 24px;\">Cz\u0142onek<\/td>\n<td style=\"height: 24px;\">Kilichowski Zbigniew<\/td>\n<\/tr>\n<tr style=\"height: 24px;\">\n<td class=\"first\" style=\"height: 24px;\">&nbsp;<\/td>\n<td class=\"second2\" style=\"height: 24px;\">Cz\u0142onek<\/td>\n<td style=\"height: 24px;\">M\u00f3jta Krzysztof<\/td>\n<\/tr>\n<tr style=\"height: 24px;\">\n<td class=\"first\" style=\"height: 24px;\">&nbsp;<\/td>\n<td class=\"second2\" style=\"height: 24px;\">Cz\u0142onek<\/td>\n<td style=\"height: 24px;\">Przybylski Leonard<\/td>\n<\/tr>\n<\/tbody>\n<\/table>\n<p class=\"post\">Dy\u017cur rady: pierwszy wtorek m-ca w godz. 16.00-17.00 w AO &#8222;Bohater\u00f3w&#8221; i \u201ePrzylesie\u201d przy ul. Fiedlera 9<br \/>\ne-mail: <a href=\"mailto:bp@fordonskasm.pl\">bp@fordonskasm.pl<\/a><\/p>\n<\/fieldset>\n<fieldset id=\"field_typ6\">\n<legend>Rada Osiedla &#8222;Tatrza\u0144skie&#8221;<\/legend>\n<table>\n<tbody>\n<tr style=\"height: 24px;\">\n<td class=\"first\" style=\"height: 24px;\">&nbsp;<\/td>\n<td class=\"second2\" style=\"height: 24px;\">Przewodnicz\u0105cy<\/td>\n<td style=\"height: 24px;\">Go\u0142ata Wies\u0142aw<\/td>\n<\/tr>\n<tr style=\"height: 24px;\">\n<td class=\"first\" style=\"height: 24px;\">&nbsp;<\/td>\n<td class=\"second2\" style=\"height: 24px;\">Z-ca przewodnicz\u0105cego<\/td>\n<td style=\"height: 24px;\">Sikora Krzysztof<\/td>\n<\/tr>\n<tr style=\"height: 24px;\">\n<td class=\"first\" style=\"height: 24px;\">&nbsp;<\/td>\n<td class=\"second2\" style=\"height: 24px;\">Sekretarz<\/td>\n<td style=\"height: 24px;\">\u017belazna Dorota<\/td>\n<\/tr>\n<tr style=\"height: 24px;\">\n<td class=\"first\" style=\"height: 24px;\">&nbsp;<\/td>\n<td class=\"second2\" style=\"height: 24px;\">Cz\u0142onek<\/td>\n<td style=\"height: 24px;\">Buzalska Krystyna<\/td>\n<\/tr>\n<tr style=\"height: 24px;\">\n<td class=\"first\" style=\"height: 24px;\">&nbsp;<\/td>\n<td class=\"second2\" style=\"height: 24px;\">Cz\u0142onek<\/td>\n<td style=\"height: 24px;\">Ciemniecki Miros\u0142aw<\/td>\n<\/tr>\n<tr style=\"height: 24px;\">\n<td class=\"first\" style=\"height: 24px;\">&nbsp;<\/td>\n<td class=\"second2\" style=\"height: 24px;\">Cz\u0142onek<\/td>\n<td style=\"height: 24px;\">Loreta\u0144ski Marcin<\/td>\n<\/tr>\n<tr style=\"height: 24px;\">\n<td class=\"first\" style=\"height: 24px;\">&nbsp;<\/td>\n<td class=\"second2\" style=\"height: 24px;\">Cz\u0142onek<\/td>\n<td style=\"height: 24px;\">Nowicka Stanis\u0142awa<\/td>\n<\/tr>\n<tr style=\"height: 24px;\">\n<td class=\"first\" style=\"height: 24px;\">&nbsp;<\/td>\n<td class=\"second2\" style=\"height: 24px;\">Cz\u0142onek<\/td>\n<td style=\"height: 24px;\">\u015awitaj Krystyna<\/td>\n<\/tr>\n<\/tbody>\n<\/table>\n<p class=\"post\">Dy\u017cur rady: pierwszy wtorek m-ca w godz. 16.30-17.00 w siedzibie AO &#8222;Nad Wis\u0142\u0105&#8221;, &#8222;Tatrza\u0144skie&#8221; i &#8222;Niepodleg\u0142o\u015bci&#8221; przy ul. Wyzwolenia 95<br \/>\ne-mail: <a href=\"mailto:nwtn@fordonskasm.pl\">nwtn@fordonskasm.pl<\/a><\/p>\n<\/fieldset>\n<fieldset id=\"field_typ6\">\n<legend>Rada Osiedla &#8222;Niepodleg\u0142o\u015bci&#8221;<\/legend>\n<table>\n<tbody>\n<tr>\n<td class=\"first\">&nbsp;<\/td>\n<td class=\"second2\">Przewodnicz\u0105cy<\/td>\n<td>Pawlikowski Andrzej<\/td>\n<\/tr>\n<tr>\n<td class=\"first\">&nbsp;<\/td>\n<td class=\"second2\">Z-ca przewodnicz\u0105cego<\/td>\n<td>Rajski Grzegorz<\/td>\n<\/tr>\n<tr>\n<td class=\"first\">&nbsp;<\/td>\n<td class=\"second2\">Sekretarz<\/td>\n<td>Jankowski Andrzej<\/td>\n<\/tr>\n<tr>\n<td class=\"first\">&nbsp;<\/td>\n<td class=\"second2\">Cz\u0142onek<\/td>\n<td>Danilewicz Dorota<\/td>\n<\/tr>\n<tr>\n<td class=\"first\">&nbsp;<\/td>\n<td class=\"second2\">Cz\u0142onek<\/td>\n<td>Minichowski Ireneusz<\/td>\n<\/tr>\n<tr>\n<td class=\"first\">&nbsp;<\/td>\n<td class=\"second2\">Cz\u0142onek<\/td>\n<td>\u015awidurski Miros\u0142aw<\/td>\n<\/tr>\n<tr>\n<td class=\"first\">&nbsp;<\/td>\n<td class=\"second2\">Cz\u0142onek<\/td>\n<td>Zimniak Ewelina<\/td>\n<\/tr>\n<\/tbody>\n<\/table>\n<p class=\"post\">Dy\u017cur rady: pierwszy wtorek m-ca w godz. 16.30-17.00 w AO &#8222;Nad Wis\u0142\u0105&#8221;, &#8222;Tatrza\u0144skie&#8221; i &#8222;Niepodleg\u0142o\u015bci&#8221; przy ul. Wyzwolenia 95<br \/>\ne-mail: <a href=\"mailto:nwtn@fordonskasm.pl\">nwtn@fordonskasm.pl<\/a><\/p>\n<\/fieldset>\n<p>&nbsp;<\/p>\n","protected":false},"excerpt":{"rendered":"<p>Organy FSM WALNE ZGROMADZENIE RADA NADZORCZA FSM (2023-2026) Rada Nadzorcza FSM przyjmuje interesant\u00f3w w ka\u017cdy ostatni wtorek&#8230;<\/p>\n","protected":false},"author":1,"featured_media":0,"parent":0,"menu_order":0,"comment_status":"open","ping_status":"open","template":"","meta":{"ngg_post_thumbnail":0,"footnotes":""},"class_list":["post-510","page","type-page","status-publish","hentry"],"publishpress_future_action":{"enabled":false,"date":"2026-05-01 12:18:30","action":"change-status","newStatus":"draft","terms":[],"taxonomy":""},"_links":{"self":[{"href":"https:\/\/fordonskasm.home.pl\/autoinstalator\/wordpress\/index.php?rest_route=\/wp\/v2\/pages\/510","targetHints":{"allow":["GET"]}}],"collection":[{"href":"https:\/\/fordonskasm.home.pl\/autoinstalator\/wordpress\/index.php?rest_route=\/wp\/v2\/pages"}],"about":[{"href":"https:\/\/fordonskasm.home.pl\/autoinstalator\/wordpress\/index.php?rest_route=\/wp\/v2\/types\/page"}],"author":[{"embeddable":true,"href":"https:\/\/fordonskasm.home.pl\/autoinstalator\/wordpress\/index.php?rest_route=\/wp\/v2\/users\/1"}],"replies":[{"embeddable":true,"href":"https:\/\/fordonskasm.home.pl\/autoinstalator\/wordpress\/index.php?rest_route=%2Fwp%2Fv2%2Fcomments&post=510"}],"version-history":[{"count":21,"href":"https:\/\/fordonskasm.home.pl\/autoinstalator\/wordpress\/index.php?rest_route=\/wp\/v2\/pages\/510\/revisions"}],"predecessor-version":[{"id":31245,"href":"https:\/\/fordonskasm.home.pl\/autoinstalator\/wordpress\/index.php?rest_route=\/wp\/v2\/pages\/510\/revisions\/31245"}],"wp:attachment":[{"href":"https:\/\/fordonskasm.home.pl\/autoinstalator\/wordpress\/index.php?rest_route=%2Fwp%2Fv2%2Fmedia&parent=510"}],"curies":[{"name":"wp","href":"https:\/\/api.w.org\/{rel}","templated":true}]}}